e 4*n + 8 = 0, -3*g + 56 = -0*g - n. Let y(z) = 3*z**2 - 333*z + 4056. Let r be y(13). What is the greatest common divisor of r and g?
18
Let n(z) = 65*z + 3. Let t be n(1). Suppose t = 16*x - 76. Calculate the greatest common factor of 81 and x.
9
Let j(l) = 2*l + 3*l**2 - 2*l**3 + 3*l**3 + 1 + 0*l**3. Let z be -2*2*(-1)/(-4). Let i be j(z). What is the greatest common divisor of 1 and i?
1
Let b = -1 - -12. Let q be (-4)/6*(-5 + -226 + 0). Let y be q/4*(-41 + 43). What is the greatest common factor of b and y?
11
Let l be (-84)/49 + 2 + (-11404)/28. Let d = l + 927. What is the highest common factor of 40 and d?
40
Suppose 3*s - 7*w = 302 + 280, 555 = 3*s + 2*w. What is the greatest common factor of 187 and s?
187
Suppose 3*c = -n + 2*c + 125, -6 = -3*c. Let j be 662/16 + 15/(-40). Calculate the highest common factor of n and j.
41
Let u(m) = 3*m + 6. Let r = 0 - -7. Let s = 13 - r. Let f be u(s). What is the highest common divisor of 12 and f?
12
Suppose -v + 150 = -4*q + q, 0 = v + 3*q - 144. Calculate the greatest common factor of 57 and v.
3
Let p be (-1634)/(-171) + (-20)/(-45). Suppose 936 = 2*h + r, -r + 928 = 2*h + 2*r. Calculate the greatest common factor of h and p.
10
Let f(l) = -43*l**2 - 310*l + 86. Let r be f(-5). Calculate the highest common factor of 10472 and r.
187
Suppose 4*g = 13*m - 14*m + 3787, 4*g = -5*m + 18871. What is the greatest common divisor of 9 and m?
9
Suppose -83*z + 68*z + 1465 = -425. What is the highest common divisor of z and 2478?
42
Let y be 14705 - (-11)/((-66)/138). Calculate the highest common factor of y and 6.
6
Let j be ((-2)/1 - -3) + -2 + 526. What is the greatest common divisor of 3885 and j?
105
Suppose 0 = -6*w + 79 + 29. Let c = 278 + -152. Calculate the greatest common factor of c and w.
18
Suppose 351 + 556 = 16*g - 2213. Let t = 251 + -173. What is the greatest common divisor of t and g?
39
Suppose 285 + 123 = 4*x. Let w(s) = s**3 - 17*s**2 + 42*s + 96. Let p be w(5). Calculate the greatest common factor of x and p.
6
Suppose 5*q = -398 + 83. Let g = q + 64. Let x be g/(-3 - (-80)/26). What is the greatest common divisor of x and 169?
13
Let u(g) = g**3 + 8*g**2. Let a be (12 - 3) + 60/(-4). Let c be u(a). Let o be ((-2)/(-2))/(1/108). What is the highest common divisor of o and c?
36
Let i(j) = -28*j + 1514. Let y be i(54). Suppose -5*n + 970 - 330 = 0. Calculate the greatest common divisor of y and n.
2
Suppose -35*p + 28*p = -140. Suppose 1516 = 3*j - 4*t, 2*t = 2*j - 342 - 666. What is the highest common divisor of p and j?
20
Suppose -3*q = 3*w - 60, -3*q = -5*w - 24 + 100. Let z = -2 + w. Suppose -c + z = 4*c. What is the highest common divisor of 12 and c?
3
Suppose -7*s - 361 = -81. Let n be ((-1)/2)/((-4)/s). Let x be -2 - n - 1 - 80/(-5). What is the greatest common divisor of 12 and x?
6
Let p(n) = -n**2 + 11*n + 474. Let h be p(-15). Calculate the highest common factor of h and 70.
14
Let w be ((-12)/(-10))/((-6)/(-10)). Calculate the highest common factor of w and 518.
2
Let x = 723 + 67. What is the greatest common divisor of 474 and x?
158
Suppose -5*x = -3*j - 672, -j - 223 = -4*x + 309. Let b = 136 - x. What is the highest common factor of 20 and b?
4
Let i be (3 - 1) + -1 - 0. Let t(b) = 27*b**2 - 27*b**3 + 21*b**3 - 44*b + 24 + 8*b**3. Let o be t(-15). What is the highest common factor of o and i?
1
Let m be 308/(-42)*2*(-798)/56. Let b(x) = 3*x**2 - 1. Let a be b(-2). Calculate the highest common divisor of m and a.
11
Let a be (-221)/(-3) + (-35)/(-7) + (-33)/9. Calculate the greatest common divisor of 72 and a.
3
Suppose 0*o + 93 = -3*o. Let y = o - -58. Let v be y/9 - (-6 + -1). What is the greatest common divisor of v and 5?
5
Suppose 3*a + 5*x = -15, -2*x = -5*a + 2*x + 12. Let y(i) = -2*i**2 + 3*i + 75. Let h be y(a). Calculate the highest common divisor of 45 and h.
15
Let r be ((-18009)/(-162))/(9/216). What is the greatest common divisor of r and 1856?
116
Suppose 4*x = 3*b - 5*b + 8060, -x = -2*b + 8090. Calculate the greatest common factor of 470 and b.
94
Let w = 64 + -58. Let j(n) = 11 - 11*n - w*n + n**2 - 3*n + 18*n. Let y be j(4). What is the greatest common divisor of 133 and y?
19
Let w = -192 + 272. Suppose 0 = -b - 3*t - t + 68, b - 2*t - w = 0. Calculate the highest common divisor of 19 and b.
19
Suppose 5*s - 68 = -4*k, 5*s - 47 = 5*k + 3. Suppose 0 = w - s + 9. Suppose i = -w*o + 101, 3*i - i + o = 227. Calculate the highest common factor of 87 and i.
29
Let u = 11 + 10. Let c = u - 17. Suppose -i = -c*s - 25, 3*i = 2*i - s + 10. What is the greatest common factor of 65 and i?
13
Let r be 19683*(11 - (336/36 - -1)). What is the highest common factor of r and 27?
27
Let w be (-16)/(-2) + (-12 - -9) + -4. Let y = 12 - w. What is the highest common divisor of 44 and y?
11
Suppose 0 = -2*p, p = 3*o + 2*p - 384. Suppose 60*c = 57*c + 30. Suppose c*m + 208 = 36*m. What is the greatest common divisor of m and o?
8
Suppose -293 = -18*c - 149. What is the highest common divisor of 9368 and c?
8
Suppose 150 = -2*j + 2*a + 986, -3*j - 4*a = -1275. Suppose -5*m - 2*g + 7*g = -2230, 0 = m + 4*g - j. Calculate the greatest common factor of m and 49.
49
Let u(s) = s**3 + 21*s**2 + 42*s - 41. Let q be u(-18). Calculate the highest common divisor of q and 70.
35
Let f(z) = 1987*z + 10144. Let n be f(-5). Let h be ((-22)/5)/(1/(-5)). Calculate the highest common divisor of h and n.
11
Suppose 0 = 203*p - 54*p - 100*p - 196. Suppose -4*n - 236 = -3*u, u = 4*u - 5*n - 238. What is the highest common divisor of p and u?
4
Let l(x) = -20*x**2 + 3 + 18*x**2 - 79*x**3 - 6 - 2*x + 0. Let w be l(-1). What is the greatest common factor of 57 and w?
19
Suppose -120*k = -39679 - 1721. Calculate the greatest common divisor of 45 and k.
15
Let p be 18738/26 - (-1400)/4550. Calculate the highest common divisor of p and 1648.
103
Suppose -t = 3*t - 4, 2*t = 5*f + 482. Let s = f - -78. Let l(u) = -u**2 - 19*u + 26. Let g be l(s). What is the highest common divisor of g and 110?
22
Suppose -7*s + 252 = -s. Suppose 39*m - s*m + 210 = 0. Calculate the highest common factor of m and 20.
10
Let x = -4 - -9. Suppose 2*d = -3*m + d + 29, -28 = -2*m - x*d. Let w be (-7)/(7/(-2)) + 13 + 3. Calculate the highest common factor of w and m.
9
Let j = -10468 + 10480. Let s = 472 + -244. What is the highest common factor of s and j?
12
Let p = -1185 - -550. Let z = 905 + p. Calculate the greatest common divisor of z and 18.
18
Let i be (-2)/3*(-594)/3. Suppose 0 = -5*k + 5*r + 210, -2*k + 114 = -226*r + 229*r. Calculate the highest common divisor of i and k.
12
Suppose 77*b = 77306 + 234390. What is the greatest common divisor of 176 and b?
176
Let m(r) = -2*r**2 - 28*r - 24. Let k be m(-8). Suppose 22*w - 214 = k. What is the greatest common factor of 767 and w?
13
Let p(a) = 51*a + 1951. Let u be p(-37). What is the highest common factor of u and 22?
2
Suppose -7992 = -4*i + 3*u, -4*u + 16 = -8*u. Suppose -32*o = -11*o - i. Calculate the highest common factor of 19 and o.
19
Let d = 46 + -17. Suppose d + 97 = 2*y. Let q(c) = -c**3 + 8*c**2 + 2*c - 7. Let z be q(8). What is the greatest common factor of z and y?
9
Let h(z) = -z**3 - 7*z**2 - z + 13. Let u be h(-7). Let s be (-1)/2 + (-5 - (-1770)/u). Calculate the highest common factor of 581 and s.
83
Let d be ((-205)/(-35) + -5)*-7. Let i be 336/49*(-21)/d. Calculate the greatest common factor of i and 54.
6
Let f be (-2)/(-10) - 18/(-10). Let p be f*6*(-2)/(-8). Let t = -4195 + 4199. Calculate the highest common divisor of p and t.
1
Let b be ((2/15)/(6/(-5472)))/((-17)/1700). What is the greatest common factor of 128 and b?
128
Let c be 2*(-1 - (-122)/4). Let a be c/1 - 2*2. Suppose 24*p + 155 - 419 = 0. What is the highest common factor of p and a?
11
Let j(k) = k**3 - 3*k**2 - 5*k - 9. Let u be j(5). Suppose 66 + 60 = 2*q. Suppose 0 = 5*b - q - 57. What is the highest common divisor of u and b?
8
Let m be 77/(-63) + 6 - (-2)/9. Let d be (27/(-30) + 2/m)*12. Let j be (-2 + 119)*(-2)/d. Calculate the highest common divisor of j and 351.
39
Let x(g) = -5*g - 1. Let y be x(-3). Let h(c) = 237*c**3 + 7*c**2 - 29*c + 23. Let v be h(1). Calculate the greatest common factor of y and v.
14
Suppose 20*d - 3354 = 18306. What is the highest co